{"id":257,"date":"2023-06-20T10:16:19","date_gmt":"2023-06-20T08:16:19","guid":{"rendered":"http:\/\/pipoinsilj.cluster020.hosting.ovh.net\/ivreequilibre\/?page_id=257"},"modified":"2023-07-21T15:27:15","modified_gmt":"2023-07-21T13:27:15","slug":"cirque-extra-ordinaire","status":"publish","type":"page","link":"https:\/\/www.ivredequilibre.com\/index.php\/cirque-extra-ordinaire\/","title":{"rendered":"Cirque Extra-Ordinaire"},"content":{"rendered":"<section class=\"wpb-content-wrapper\"><p>[vc_row full_width=\u00a0\u00bbstretch_row\u00a0\u00bb][vc_column]<section  id=\"single-69f1ee4b24fd1\" class=\"header-single vertical-flex m0 image-bg   parallax  p0 fullscreen \" style=\"\"><div class=\"background-content\"><img loading=\"lazy\" decoding=\"async\" width=\"1980\" height=\"728\" src=\"https:\/\/www.ivredequilibre.com\/wp-content\/uploads\/2023\/06\/DSC07655-big.jpeg\" class=\"background-image\" alt=\"\" srcset=\"https:\/\/www.ivredequilibre.com\/wp-content\/uploads\/2023\/06\/DSC07655-big.jpeg 1980w, https:\/\/www.ivredequilibre.com\/wp-content\/uploads\/2023\/06\/DSC07655-big-300x110.jpeg 300w, https:\/\/www.ivredequilibre.com\/wp-content\/uploads\/2023\/06\/DSC07655-big-1024x377.jpeg 1024w, https:\/\/www.ivredequilibre.com\/wp-content\/uploads\/2023\/06\/DSC07655-big-768x282.jpeg 768w, https:\/\/www.ivredequilibre.com\/wp-content\/uploads\/2023\/06\/DSC07655-big-1536x565.jpeg 1536w, https:\/\/www.ivredequilibre.com\/wp-content\/uploads\/2023\/06\/DSC07655-big-600x221.jpeg 600w\" sizes=\"auto, (max-width: 1980px) 100vw, 1980px\" \/><div  class=\"background-overlay\"><\/div><\/div><div  class=\"container vertical-flex-column item-content \"><div class=\"row\"><div class=\"standard-slide col-md-10 col-md-offset-1 col-sm-12 text-center\"><h1 class=\"heading-title-bold\">Cirque Extra-Ordinnaire<\/h1><div class=\"heading-content\"><p>\u00ab La v\u00e9ritable marque d\u2019une soci\u00e9t\u00e9 civilis\u00e9e est sa capacit\u00e9 \u00e0 accepter<br \/>\net \u00e0 respecter la diff\u00e9rence. \u00bb <em>Ruth Bader Ginsburg<\/em><\/p>\n<\/div>\n                <\/div><\/div><\/div><script type=\"text\/javascript\">jQuery(document).ready(function(){jQuery('head').append('<style type=\"text\/css\" id=\"tlg-custom-css-single-69f1ee4b24fd1\">@font-face {font-family:\"ABeeZee\"; src:url(\"\/\/fonts.gstatic.com\/s\/abeezee\/v9\/mE5BOuZKGln_Ex0uYKpIaw.ttf\");}@font-face {font-family:\"ABeeZee\"; src:url(\"\/\/fonts.gstatic.com\/s\/abeezee\/v9\/mE5BOuZKGln_Ex0uYKpIaw.ttf\");}#single-69f1ee4b24fd1 h1{text-shadow:none;text-transform: none!important;}#single-69f1ee4b24fd1 .lead{text-shadow:none;font-size:24px;line-height:29px;text-transform: none!important;font-family:ABeeZee;font-weight:400;font-style:normal;}#single-69f1ee4b24fd1 .heading-content p{text-shadow:none;font-size:26px;line-height:33px;text-transform: none!important;font-family:ABeeZee;font-weight:400;font-style:normal;}<\/style>');});<\/script><\/section>[\/vc_column][\/vc_row][vc_row][vc_column width=\u00a0\u00bb1\/6&Prime;][\/vc_column][vc_column width=\u00a0\u00bb2\/3&Prime;]<div class=\"headings-title\"><div class=\"mb72  mb-xs-40 text-center\"><h4  class=\"widgettitle \">Cirque Extra-Ordinnaire<\/h4><div class=\"divider-wrap\"><i  class=\"ti-hand-point-down\"><\/i><div class=\"tlg-divider\"><\/div><\/div><\/div><\/div>[vc_column_text]<\/p>\n<div>\n<div id=\"m_-5896134322827776043m_-2808965963988918674gmail-comp-kqqjewht\">\n<div>\n<div>\n<div id=\"m_-5896134322827776043m_-2808965963988918674gmail-comp-kqqjewi1\">\n<p style=\"text-align: justify;\"><strong>\u00ab\u00a0Le cirque adapt\u00e9 est un concept qui s\u2019attache avant tout au cadre d\u2019intervention plut\u00f4t qu\u2019\u00e0 la classification des participants (enfants, jeunes, adultes, en difficult\u00e9 ou en situation de handicap\u2026). Il se d\u00e9finit comme un outil au service d\u2019un projet (\u00e9ducatif et\/ou th\u00e9rapeutique) visant l\u2019\u00e9mancipation de la personne \u00e0 travers ses exp\u00e9rimentations et la vie de groupe.\u00a0\u00bb \u00a9Afca<\/strong><\/p>\n<\/div>\n<\/div>\n<\/div>\n<\/div>\n<\/div>\n<div>\n<div id=\"m_-5896134322827776043m_-2808965963988918674gmail-comp-kqqjewia1\">\n<div>\n<div>\n<div id=\"m_-5896134322827776043m_-2808965963988918674gmail-comp-kqqjewib4\">\n<p style=\"text-align: justify;\">Le cirque est un outil qui poss\u00e8de une multitude de disciplines.\u00a0\u00c0 l&rsquo;int\u00e9rieur de ces disciplines, il existe une multitude d\u2019agr\u00e8s ou de variantes. Ce qui est un atout majeur pour adapter la pratique \u00e0 tous.<\/p>\n<p style=\"text-align: justify;\">La\u00a0psychomotricit\u00e9, la\u00a0proprioception, la\u00a0coordination, l&rsquo;attention, l&rsquo;\u00e9quilibre, l&rsquo;interaction avec l&rsquo;autre, la\u00a0communication non verbale, etc, sont des forces qui peuvent \u00eatre d\u00e9velopp\u00e9es avec la pratique circassienne.<\/p>\n<\/div>\n<\/div>\n<\/div>\n<\/div>\n<\/div>\n<p>[\/vc_column_text][\/vc_column][vc_column width=\u00a0\u00bb1\/6&Prime;][\/vc_column][\/vc_row][vc_row full_width=\u00a0\u00bbstretch_row\u00a0\u00bb tlg_enable_overlay=\u00a0\u00bbyes\u00a0\u00bb tlg_bg_overlay=\u00a0\u00bb#252525&Prime; tlg_bg_overlay_value=\u00a0\u00bb2&Prime;][vc_column]<section  id=\"single-69f1ee4b254cf\" class=\"header-single vertical-flex m0 image-bg   parallax  p0 fullscreen \" style=\"\"><div class=\"background-content\"><img loading=\"lazy\" decoding=\"async\" width=\"1980\" height=\"1114\" src=\"https:\/\/www.ivredequilibre.com\/wp-content\/uploads\/2023\/06\/DSC07687-1.jpeg\" class=\"background-image\" alt=\"\" srcset=\"https:\/\/www.ivredequilibre.com\/wp-content\/uploads\/2023\/06\/DSC07687-1.jpeg 1980w, https:\/\/www.ivredequilibre.com\/wp-content\/uploads\/2023\/06\/DSC07687-1-300x169.jpeg 300w, https:\/\/www.ivredequilibre.com\/wp-content\/uploads\/2023\/06\/DSC07687-1-1024x576.jpeg 1024w, https:\/\/www.ivredequilibre.com\/wp-content\/uploads\/2023\/06\/DSC07687-1-768x432.jpeg 768w, https:\/\/www.ivredequilibre.com\/wp-content\/uploads\/2023\/06\/DSC07687-1-1536x864.jpeg 1536w, https:\/\/www.ivredequilibre.com\/wp-content\/uploads\/2023\/06\/DSC07687-1-600x338.jpeg 600w\" sizes=\"auto, (max-width: 1980px) 100vw, 1980px\" \/><div  class=\"background-overlay\"><\/div><\/div><div  class=\"container vertical-flex-column item-content \"><div class=\"row\"><div class=\"standard-slide col-md-10 col-md-offset-1 col-sm-12 text-center\"><div class=\"heading-content\"><\/div>\n                <\/div><\/div><\/div><\/section>[\/vc_column][\/vc_row][vc_row full_width=\u00a0\u00bbstretch_row\u00a0\u00bb tlg_vertical_align=\u00a0\u00bbyes\u00a0\u00bb css=\u00a0\u00bb.vc_custom_1687250658633{padding-top: 40px !important;padding-right: 80px !important;padding-bottom: 40px !important;padding-left: 80px !important;}\u00a0\u00bb][vc_column width=\u00a0\u00bb5\/12&Prime;][vc_column_text]<\/p>\n<h4 class=\"font_2 wixui-rich-text__text\" style=\"text-align: center;\"><span class=\"wixui-rich-text__text\">Le r\u00e9seau<\/span><\/h4>\n<p style=\"text-align: justify;\">Le RECEO (R\u00e9seau des \u00c9coles de Cirque Extra-Ordinaire) est n\u00e9 en 2017 de la volont\u00e9 d\u2019\u00e9coles de cirque en Occitanie d\u2019\u00e9changer sur leurs pratiques et de d\u00e9velopper des actions artistiques et culturelles envers des publics \u00e0 besoins sp\u00e9cifiques.<\/p>\n<p style=\"text-align: justify;\">Ce r\u00e9seau regroupe un noyau de personnes investies dans le champ du cirque extra-ordinaire.<\/p>\n<p style=\"text-align: justify;\">Ces \u00e9coles \u0153uvrent \u00e0 d\u00e9velopper et valoriser l\u2019acc\u00e8s de personnes \u00e0 besoins sp\u00e9cifiques \u00e0 la pratique des arts du cirque, ainsi qu\u2019\u00e0 l\u2019action culturelle circassienne en Occitanie.<\/p>\n<p style=\"text-align: justify;\">Avec un souci d\u2019articulation professionnelle et coop\u00e9rative, un comit\u00e9 de pilotage s\u2019est form\u00e9 qui lui-m\u00eame a cr\u00e9\u00e9 des p\u00f4les pour r\u00e9pondre \u00e0 ces objectifs.<\/p>\n<p>[\/vc_column_text][\/vc_column][vc_column width=\u00a0\u00bb2\/12&Prime;][vc_single_image image=\u00a0\u00bb265&Prime; img_size=\u00a0\u00bbfull\u00a0\u00bb alignment=\u00a0\u00bbcenter\u00a0\u00bb style=\u00a0\u00bbvc_box_rounded\u00a0\u00bb][\/vc_column][vc_column width=\u00a0\u00bb5\/12&Prime;][vc_column_text]<\/p>\n<h4 class=\"font_2 wixui-rich-text__text\" style=\"text-align: center;\"><span class=\"wixui-rich-text__text\">Publics sp\u00e9cifiques<\/span><\/h4>\n<p class=\"font_8 wixui-rich-text__text\" style=\"text-align: justify;\"><span class=\"wixui-rich-text__text\">Soutenu par la F\u00e9d\u00e9ration Fran\u00e7aise des \u00c9coles de Cirque (FFEC) et la R\u00e9gion Occitanie. Ses missions s\u2019adressent \u00e0 trois types de publics :<\/span><\/p>\n<ul>\n<li class=\"font_8 wixui-rich-text__text\"><span class=\"wixui-rich-text__text\">Les personnes \u00e0 besoins sp\u00e9cifiques : en situation de handicap, les seniors, les personnes en milieu carc\u00e9ral, la tr\u00e8s petite enfance\u2026 N\u00e9cessitant une approche adapt\u00e9e des Arts du Cirque (ici nomm\u00e9 \u00ab Cirque Extraordinaire \u00bb).<\/span><\/li>\n<li class=\"font_8 wixui-rich-text__text\"><span class=\"wixui-rich-text__text\">Les professionnels participant aux actions men\u00e9es par le r\u00e9seau : initiateurs des Arts du Cirque et porteurs de projets de toutes les \u00e9coles de cirque d\u2019Occitanie, artistes, professionnels du champ m\u00e9dico-social, universitaires, acteurs culturels\u2026<\/span><\/li>\n<li class=\"font_8 wixui-rich-text__text\"><span class=\"wixui-rich-text__text\">Le \u00ab tout public \u00bb : dans une d\u00e9marche de sensibilisation et de mixit\u00e9.<\/span><\/li>\n<\/ul>\n<p>[\/vc_column_text][\/vc_column][\/vc_row][vc_row tlg_background_style=\u00a0\u00bbbg-secondary\u00a0\u00bb tlg_text_align=\u00a0\u00bbtext-center\u00a0\u00bb][vc_column]<div class=\"headings-title\"><div class=\"mb72  mb-xs-40 text-center\"><h4  class=\"widgettitle \">Nos partenaires Extra-Ordinnaires<\/h4><div class=\"divider-wrap\"><i  class=\"ti-hand-point-down\"><\/i><div class=\"tlg-divider\"><\/div><\/div><\/div><\/div>[vc_column_text]<\/p>\n<ul>\n<li>Le foyer de vie de florentin<\/li>\n<li>IME Saint-Jean \u00e0 Albi<\/li>\n<li>ITEP Le chemin \u00e0 La Renaudi\u00e9<\/li>\n<li>IME de Florentin<\/li>\n<li>Institut Saint-Simon (\u00e9cole d&rsquo;\u00e9duc sp\u00e9) \u00e0 Albi<\/li>\n<li>Maison de retraite ORPEA &#8211; Les jardins de Jouvence<\/li>\n<\/ul>\n<p>[\/vc_column_text][\/vc_column][\/vc_row]<\/p>\n<\/section>","protected":false},"excerpt":{"rendered":"<p>[vc_row full_width=\u00a0\u00bbstretch_row\u00a0\u00bb][vc_column][\/vc_column][\/vc_row][vc_row][vc_column width=\u00a0\u00bb1\/6&Prime;][\/vc_column][vc_column width=\u00a0\u00bb2\/3&Prime;][vc_column_text] \u00ab\u00a0Le cirque adapt\u00e9 est un concept qui s\u2019attache avant tout au cadre&#8230;<\/p>\n","protected":false},"author":1,"featured_media":0,"parent":0,"menu_order":0,"comment_status":"closed","ping_status":"closed","template":"","meta":{"footnotes":""},"class_list":["post-257","page","type-page","status-publish","hentry"],"_links":{"self":[{"href":"https:\/\/www.ivredequilibre.com\/index.php\/wp-json\/wp\/v2\/pages\/257","targetHints":{"allow":["GET"]}}],"collection":[{"href":"https:\/\/www.ivredequilibre.com\/index.php\/wp-json\/wp\/v2\/pages"}],"about":[{"href":"https:\/\/www.ivredequilibre.com\/index.php\/wp-json\/wp\/v2\/types\/page"}],"author":[{"embeddable":true,"href":"https:\/\/www.ivredequilibre.com\/index.php\/wp-json\/wp\/v2\/users\/1"}],"replies":[{"embeddable":true,"href":"https:\/\/www.ivredequilibre.com\/index.php\/wp-json\/wp\/v2\/comments?post=257"}],"version-history":[{"count":35,"href":"https:\/\/www.ivredequilibre.com\/index.php\/wp-json\/wp\/v2\/pages\/257\/revisions"}],"predecessor-version":[{"id":715,"href":"https:\/\/www.ivredequilibre.com\/index.php\/wp-json\/wp\/v2\/pages\/257\/revisions\/715"}],"wp:attachment":[{"href":"https:\/\/www.ivredequilibre.com\/index.php\/wp-json\/wp\/v2\/media?parent=257"}],"curies":[{"name":"wp","href":"https:\/\/api.w.org\/{rel}","templated":true}]}}

<section class="wpb-content-wrapper"><p>[vc_row full_width= »stretch_row »][vc_column]<section  id="single-69f1ee4b24fd1" class="header-single vertical-flex m0 image-bg   parallax  p0 fullscreen " style=""><div class="background-content"><img loading="lazy" decoding="async" width="1980" height="728" src="https://www.ivredequilibre.com/wp-content/uploads/2023/06/DSC07655-big.jpeg" class="background-image" alt="" srcset="https://www.ivredequilibre.com/wp-content/uploads/2023/06/DSC07655-big.jpeg 1980w, https://www.ivredequilibre.com/wp-content/uploads/2023/06/DSC07655-big-300x110.jpeg 300w, https://www.ivredequilibre.com/wp-content/uploads/2023/06/DSC07655-big-1024x377.jpeg 1024w, https://www.ivredequilibre.com/wp-content/uploads/2023/06/DSC07655-big-768x282.jpeg 768w, https://www.ivredequilibre.com/wp-content/uploads/2023/06/DSC07655-big-1536x565.jpeg 1536w, https://www.ivredequilibre.com/wp-content/uploads/2023/06/DSC07655-big-600x221.jpeg 600w" sizes="auto, (max-width: 1980px) 100vw, 1980px" /><div  class="background-overlay"></div></div><div  class="container vertical-flex-column item-content "><div class="row"><div class="standard-slide col-md-10 col-md-offset-1 col-sm-12 text-center"><h1 class="heading-title-bold">Cirque Extra-Ordinnaire</h1><div class="heading-content"><p>« La véritable marque d’une société civilisée est sa capacité à accepter<br />
et à respecter la différence. » <em>Ruth Bader Ginsburg</em></p>
</div>
                </div></div></div><script type="text/javascript">jQuery(document).ready(function(){jQuery('head').append('<style type="text/css" id="tlg-custom-css-single-69f1ee4b24fd1">@font-face {font-family:"ABeeZee"; src:url("//fonts.gstatic.com/s/abeezee/v9/mE5BOuZKGln_Ex0uYKpIaw.ttf");}@font-face {font-family:"ABeeZee"; src:url("//fonts.gstatic.com/s/abeezee/v9/mE5BOuZKGln_Ex0uYKpIaw.ttf");}#single-69f1ee4b24fd1 h1{text-shadow:none;text-transform: none!important;}#single-69f1ee4b24fd1 .lead{text-shadow:none;font-size:24px;line-height:29px;text-transform: none!important;font-family:ABeeZee;font-weight:400;font-style:normal;}#single-69f1ee4b24fd1 .heading-content p{text-shadow:none;font-size:26px;line-height:33px;text-transform: none!important;font-family:ABeeZee;font-weight:400;font-style:normal;}</style>');});</script></section>[/vc_column][/vc_row][vc_row][vc_column width= »1/6&Prime;][/vc_column][vc_column width= »2/3&Prime;]<div class="headings-title"><div class="mb72  mb-xs-40 text-center"><h4  class="widgettitle ">Cirque Extra-Ordinnaire</h4><div class="divider-wrap"><i  class="ti-hand-point-down"></i><div class="tlg-divider"></div></div></div></div>[vc_column_text]</p>
<div>
<div id="m_-5896134322827776043m_-2808965963988918674gmail-comp-kqqjewht">
<div>
<div>
<div id="m_-5896134322827776043m_-2808965963988918674gmail-comp-kqqjewi1">
<p style="text-align: justify;"><strong>« Le cirque adapté est un concept qui s’attache avant tout au cadre d’intervention plutôt qu’à la classification des participants (enfants, jeunes, adultes, en difficulté ou en situation de handicap…). Il se définit comme un outil au service d’un projet (éducatif et/ou thérapeutique) visant l’émancipation de la personne à travers ses expérimentations et la vie de groupe. » ©Afca</strong></p>
</div>
</div>
</div>
</div>
</div>
<div>
<div id="m_-5896134322827776043m_-2808965963988918674gmail-comp-kqqjewia1">
<div>
<div>
<div id="m_-5896134322827776043m_-2808965963988918674gmail-comp-kqqjewib4">
<p style="text-align: justify;">Le cirque est un outil qui possède une multitude de disciplines. À l&rsquo;intérieur de ces disciplines, il existe une multitude d’agrès ou de variantes. Ce qui est un atout majeur pour adapter la pratique à tous.</p>
<p style="text-align: justify;">La psychomotricité, la proprioception, la coordination, l&rsquo;attention, l&rsquo;équilibre, l&rsquo;interaction avec l&rsquo;autre, la communication non verbale, etc, sont des forces qui peuvent être développées avec la pratique circassienne.</p>
</div>
</div>
</div>
</div>
</div>
<p>[/vc_column_text][/vc_column][vc_column width= »1/6&Prime;][/vc_column][/vc_row][vc_row full_width= »stretch_row » tlg_enable_overlay= »yes » tlg_bg_overlay= »#252525&Prime; tlg_bg_overlay_value= »2&Prime;][vc_column]<section  id="single-69f1ee4b254cf" class="header-single vertical-flex m0 image-bg   parallax  p0 fullscreen " style=""><div class="background-content"><img loading="lazy" decoding="async" width="1980" height="1114" src="https://www.ivredequilibre.com/wp-content/uploads/2023/06/DSC07687-1.jpeg" class="background-image" alt="" srcset="https://www.ivredequilibre.com/wp-content/uploads/2023/06/DSC07687-1.jpeg 1980w, https://www.ivredequilibre.com/wp-content/uploads/2023/06/DSC07687-1-300x169.jpeg 300w, https://www.ivredequilibre.com/wp-content/uploads/2023/06/DSC07687-1-1024x576.jpeg 1024w, https://www.ivredequilibre.com/wp-content/uploads/2023/06/DSC07687-1-768x432.jpeg 768w, https://www.ivredequilibre.com/wp-content/uploads/2023/06/DSC07687-1-1536x864.jpeg 1536w, https://www.ivredequilibre.com/wp-content/uploads/2023/06/DSC07687-1-600x338.jpeg 600w" sizes="auto, (max-width: 1980px) 100vw, 1980px" /><div  class="background-overlay"></div></div><div  class="container vertical-flex-column item-content "><div class="row"><div class="standard-slide col-md-10 col-md-offset-1 col-sm-12 text-center"><div class="heading-content"></div>
                </div></div></div></section>[/vc_column][/vc_row][vc_row full_width= »stretch_row » tlg_vertical_align= »yes » css= ».vc_custom_1687250658633{padding-top: 40px !important;padding-right: 80px !important;padding-bottom: 40px !important;padding-left: 80px !important;} »][vc_column width= »5/12&Prime;][vc_column_text]</p>
<h4 class="font_2 wixui-rich-text__text" style="text-align: center;"><span class="wixui-rich-text__text">Le réseau</span></h4>
<p style="text-align: justify;">Le RECEO (Réseau des Écoles de Cirque Extra-Ordinaire) est né en 2017 de la volonté d’écoles de cirque en Occitanie d’échanger sur leurs pratiques et de développer des actions artistiques et culturelles envers des publics à besoins spécifiques.</p>
<p style="text-align: justify;">Ce réseau regroupe un noyau de personnes investies dans le champ du cirque extra-ordinaire.</p>
<p style="text-align: justify;">Ces écoles œuvrent à développer et valoriser l’accès de personnes à besoins spécifiques à la pratique des arts du cirque, ainsi qu’à l’action culturelle circassienne en Occitanie.</p>
<p style="text-align: justify;">Avec un souci d’articulation professionnelle et coopérative, un comité de pilotage s’est formé qui lui-même a créé des pôles pour répondre à ces objectifs.</p>
<p>[/vc_column_text][/vc_column][vc_column width= »2/12&Prime;][vc_single_image image= »265&Prime; img_size= »full » alignment= »center » style= »vc_box_rounded »][/vc_column][vc_column width= »5/12&Prime;][vc_column_text]</p>
<h4 class="font_2 wixui-rich-text__text" style="text-align: center;"><span class="wixui-rich-text__text">Publics spécifiques</span></h4>
<p class="font_8 wixui-rich-text__text" style="text-align: justify;"><span class="wixui-rich-text__text">Soutenu par la Fédération Française des Écoles de Cirque (FFEC) et la Région Occitanie. Ses missions s’adressent à trois types de publics :</span></p>
<ul>
<li class="font_8 wixui-rich-text__text"><span class="wixui-rich-text__text">Les personnes à besoins spécifiques : en situation de handicap, les seniors, les personnes en milieu carcéral, la très petite enfance… Nécessitant une approche adaptée des Arts du Cirque (ici nommé « Cirque Extraordinaire »).</span></li>
<li class="font_8 wixui-rich-text__text"><span class="wixui-rich-text__text">Les professionnels participant aux actions menées par le réseau : initiateurs des Arts du Cirque et porteurs de projets de toutes les écoles de cirque d’Occitanie, artistes, professionnels du champ médico-social, universitaires, acteurs culturels…</span></li>
<li class="font_8 wixui-rich-text__text"><span class="wixui-rich-text__text">Le « tout public » : dans une démarche de sensibilisation et de mixité.</span></li>
</ul>
<p>[/vc_column_text][/vc_column][/vc_row][vc_row tlg_background_style= »bg-secondary » tlg_text_align= »text-center »][vc_column]<div class="headings-title"><div class="mb72  mb-xs-40 text-center"><h4  class="widgettitle ">Nos partenaires Extra-Ordinnaires</h4><div class="divider-wrap"><i  class="ti-hand-point-down"></i><div class="tlg-divider"></div></div></div></div>[vc_column_text]</p>
<ul>
<li>Le foyer de vie de florentin</li>
<li>IME Saint-Jean à Albi</li>
<li>ITEP Le chemin à La Renaudié</li>
<li>IME de Florentin</li>
<li>Institut Saint-Simon (école d&rsquo;éduc spé) à Albi</li>
<li>Maison de retraite ORPEA &#8211; Les jardins de Jouvence</li>
</ul>
<p>[/vc_column_text][/vc_column][/vc_row]</p>
</section>

<p>[vc_row full_width= »stretch_row »][vc_column][/vc_column][/vc_row][vc_row][vc_column width= »1/6&Prime;][/vc_column][vc_column width= »2/3&Prime;][vc_column_text] « Le cirque adapté est un concept qui s’attache avant tout au cadre&#8230;</p>
